is -5 - 106?
-114
In base 6, what is -432 - -32?
-400
In base 12, what is -524 - 5?
-529
In base 12, what is a6 - 0?
a6
In base 12, what is -597 - 3?
-59a
In base 9, what is 2 + -26?
-24
In base 15, what is -27 + -e5?
-11c
In base 12, what is -1536 + -1?
-1537
In base 10, what is -64 + 2?
-62
In base 16, what is -5bf - 1?
-5c0
In base 2, what is 11010 + 1000?
100010
In base 15, what is 5 - -1b?
21
In base 12, what is -1 - 19?
-1a
In base 5, what is 3 - -214?
222
In base 9, what is -1 + 15?
14
In base 15, what is 568 + 5?
56d
In base 6, what is -133 - 1?
-134
In base 15, what is 3 - 59?
-56
In base 12, what is 10 - 10?
0
In base 13, what is 5 + 91?
96
In base 11, what is 283 + 3?
286
In base 13, what is 23 - -5?
28
In base 4, what is -2 - -200331?
200323
In base 4, what is 312 - 21?
231
In base 6, what is 45 - 32?
13
In base 10, what is 9683 - 3?
9680
In base 16, what is -5 - -47?
42
In base 5, what is -1440 + 2?
-1433
In base 12, what is -7 - -2?
-5
In base 14, what is 0 + 3a9?
3a9
In base 10, what is -2 - 269?
-271
In base 15, what is 5ab - -5?
5b1
In base 11, what is -5 + -84?
-89
In base 5, what is 132 - 0?
132
In base 8, what is 74 - -4?
100
In base 14, what is -2952 + 2?
-2950
In base 11, what is -3 + 212?
20a
In base 10, what is -49 + -14?
-63
In base 8, what is -3 + 1051?
1046
In base 5, what is 4 - 22030?
-22021
In base 14, what is -24 + 4?
-20
In base 14, what is 4 + -439?
-435
In base 15, what is -12b - 4?
-130
In base 4, what is 10 - -22201?
22211
In base 10, what is -941 - -5?
-936
In base 9, what is 4 + -858?
-854
In base 4, what is 32 - 0?
32
In base 16, what is -29 - 8?
-31
In base 9, what is -758 - -3?
-755
In base 12, what is -2 + 36?
34
In base 10, what is -16 - 9?
-25
In base 2, what is -1 - 111111?
-1000000
In base 2, what is 0 + 11011?
11011
In base 10, what is -273 + -4?
-277
In base 7, what is -134 - -4?
-130
In base 8, what is 44 + -21?
23
In base 6, what is 3 + 1012?
1015
In base 13, what is 3 - -28?
2b
In base 4, what is 12333 + -2?
12331
In base 4, what is -211 + 30?
-121
In base 5, what is -20004 - 40?
-20044
In base 3, what is 221 - -101100?
102021
In base 16, what is -24 - 3?
-27
In base 11, what is -2 - -23?
21
In base 4, what is -3 + -202?
-211
In base 4, what is -1131 + 33?
-1032
In base 11, what is 9 + -260?
-252
In base 11, what is 2 - -459?
460
In base 13, what is 527 + -c?
518
In base 8, what is 71 - -7?
100
In base 5, what is -31 + -13?
-44
In base 5, what is -4102 - -1?
-4101
In base 6, what is 200225 + -5?
200220
In base 2, what is 1000 - -10010?
11010
In base 12, what is -1407 - 2?
-1409
In base 12, what is 241 + 4?
245
In base 11, what is -3 + 53?
50
In base 5, what is -340 + 3?
-332
In base 15, what is 1 + 41a?
41b
In base 15, what is 3e + b?
4a
In base 15, what is 5 - 11c?
-117
In base 11, what is -4 + 62?
59
In base 5, what is 11 + -12?
-1
In base 3, what is 12 - 1?
11
In base 11, what is -2 - -3894?
3892
In base 8, what is 434 - -4?
440
In base 13, what is -2 + -2b0?
-2b2
In base 2, what is -11 - -100110110?
100110011
In base 4, what is -13 - 1?
-20
In base 7, what is 123 - -2?
125
In base 14, what is -cb - 17?
-104
In base 6, what is -3 - 143?
-150
In base 3, what is -10120011 + -10?
-10120021
In base 5, what is 142 + -1?
141
In base 2, what is 1010000 - -100101?
1110101
In base 5, what is 3 + -2100?
-2042
In base 5, what is 1 + -20?
-14
In base 14, what is 4 + 748?
74c
In base 15, what is -c16 - -8?
-c0d
In base 13, what is 0 + -16?
-16
In base 6, what is -3 + -102?
-105
In base 14, what is -28aa - -4?
-28a6
In base 15, what is -463 - -2?
-461
In base 2, what is -10011101 - 101000?
-11000101
In base 10, what is -17 + 0?
-17
In base 12, what is -5 + -1106?
-110b
In base 5, what is -3 - -3?
0
In base 9, what is 116 - -4?
121
In base 14, what is 512 + -10?
502
In base 4, what is -10 + -211303?
-211313
In base 13, what is -b + -16?
-24
In base 2, what is -110000 + 1000111?
10111
In base 6, what is -254 - -40?
-214
In base 9, what is -421 - -45?
-365
In base 2, what is 110111 - 10001?
100110
In base 7, what is -256 - -1?
-255
In base 2, what is 100 - 1110001?
-1101101
In base 4, what is 23 - 3?
20
In base 3, what is 1 - 101?
-100
In base 12, what is 2149 - -1?
214a
In base 10, what is -207 - -24?
-183
In base 13, what is -1 - -68?
67
In base 12, what is 2 - -74?
76
In base 8, what is 0 - 51?
-51
In base 11, what is -8 - a0?
-a8
In base 15, what is -4 - 167?
-16b
In base 10, what is 2185 + 6?
2191
In base 7, what is -1 - 2116?
-2120
In base 8, what is -531 - 1?
-532
In base 6, what is -1420 + -2?
-1422
In base 15, what is -4 - 2?
-6
In base 6, what is -14 - 35?
-53
In base 2, what is -100 - 10001001?
-10001101
In base 11, what is 19 + 3?
21
In base 13, what is -297 - -7?
-290
In base 2, what is 100001010 - -1100?
100010110
In base 12, what is -3 - 64?
-67
In base 5, what is -131 - -1?
-130
In base 12, what is -2 + 92?
90
In base 11, what is -8 - -5a?
52
In base 3, what is -11110 + -2?
-11112
In base 4, what is -320103 + 3?
-320100
In base 13, what is -50 + b?
-42
In base 13, what is 534 + -4?
530
In base 14, what is -5 - -37?
32
In base 5, what is 10300 + 42?
10342
In base 10, what is -7703 - 2?
-7705
In base 14, what is -2cc - 3?
-2d1
In base 15, what is 6b + 2?
6d
In base 2, what is -1100001010100 - 10?
-1100001010110
In base 13, what is -3 + -1303?
-1306
In base 2, what is 1000101 - -11?
1001000
In base 13, what is 4 - 11?
-a
In base 13, what is 15 + -84?
-6c
In base 14, what is 4 - a3?
-9d
In base 7, what is -235 + -3?
-241
In base 12, what is -58 - 2?
-5a
In base 5, what is 3 - -4411?
4414
In base 12, what is 4 + -b7?
-b3
In base 12, what is -20 - 2?
-22
In base 14, what is 3 + 386?
389
In base 12, what is 5 - -35?
3a
In base 15, what is -118 + -14?
-12c
In base 5, what is 3 + -2441?
-2433
In base 11, what is 10a34 + -4?
10a30
In base 5, what is 14 + 231?
300
In base 14, what is -14c4 + -4?
-14c8
In base 4, what is 13 - 11201?
-11122
In base 14, what is 37c - -2?
380
In base 9, what is -2 + 5376?
5374
In base 15, what is -454 + 4?
-450
In base 14, what is -244 - 4?
-248
In base 6, what is -215 + 242?
23
In base 4, what is -10 - 333?
-1003
In base 8, what is -22 + 32?
10
In base 6, what is -11 + 1202?
1151
In base 5, what is 3 + -3342?
-3334
In base 11, what is 5 + 86?
90
In base 2, what is 10011 + 1110101?
10001000
In base 12, what is 8 + 3280?
3288
In base 15, what is 2 - 8?
-6
In base 14, what is 11 - 11?
0
In base 8, what is 12342 + -3?
12337
In base 11, what is -10a4 - -2?
-10a2
In base 5, what is 4232 - 10?
4222
In base 16, what is 18 - -8?
20
In base 3, what is 1020 + 11?
1101
In base 5, what is 14 - 1304?
-1240
In base 15, what is 0 + -ee4?
-ee4
In base 8, what is 53 - 22?
31
In base 3, what is -2 - 22?
-101
In base 13, what is -4 + a9?
a5
In base 15, what is -19 + 5e?
45
In base 4, what is -11 + -1231?
-1302
In base 14, what is 3 + 6d?
72
In base 10, what is -2322 - -1?
-2321
In base 10, what is 159 + -3?
156
In base 6, what is 2514 + -3?
2511
In base 6, what is -122 - -5?
-113
In base 15, what is -333 - 1?
-334
In base 6, what is -44 - 23?
-111
In base 11, what is -67 + -4?
-70
In base 2, what is 110110 - 110?
110000
In base 12, what is -5 - -27?
22
In base 5, what is 0 - 212?
-212
In base 12, what is -154b + -1?
-1550
In base 8, what is 14 - 107?
-73
In base 6, what is 255 - -1055?
1354
In base 2, what is 101 + 101000111?
101001100
In base 4, what is -223 + -1230?
-2113
In base 3, what is -120222 + 11?
-120211
In base 16, what is 239 - -1?
23a
In base 3, what is -221 + 20?
-201
In base 5, what is -1 + 1120?
1114
In base 3, what is 2 + -2002011?
-2002002
In base 5, what is -3 - -1313?
1310
In base 16, what is -5 - -d6?
d1
In base 8, what is -4 + -115?
-121
In base 10, what is 2 + -216?
-214
In base 6, what is 21343 + 3?
21350
In base 15, what is 4 - -22d?
232
In base 7, what is 3244 + -1?
3243
In base 5, what is 1130 - 10?
1120
In base 8, what is -573 + 4?
-567
In base 7, what is 211663 + -4?
211656
In base 6, what is -2 + -114?
-120
In base 11, what is 9 - 146?
-138
In base 10, what is 5 - -119?
124
In base 10, what is -370 + -4?
-374
In base 13, what is -16 + -236?
-24c
In base 3, what is -12121 - 10?
-12201
In base 9, what is 0 + 41?
41
In base 8, what is 1 - -527?
530
In base 4, 